ivided by 650?
3
What is the remainder when 52 is divided by 24?
4
What is the remainder when 2830 is divided by 9?
4
Calculate the remainder when 4207 is divided by 183.
181
What is the remainder when 1804 is divided by 59?
34
What is the remainder when 122 is divided by 71?
51
Calculate the remainder when 3760 is divided by 18.
16
Calculate the remainder when 1313 is divided by 12.
5
What is the remainder when 91 is divided by 6?
1
Calculate the remainder when 1090 is divided by 78.
76
Calculate the remainder when 209 is divided by 5.
4
What is the remainder when 896 is divided by 90?
86
What is the remainder when 214 is divided by 72?
70
What is the remainder when 1385 is divided by 42?
41
Calculate the remainder when 6539 is divided by 2177.
8
Calculate the remainder when 226 is divided by 91.
44
Calculate the remainder when 175 is divided by 22.
21
What is the remainder when 631 is divided by 64?
55
What is the remainder when 77 is divided by 45?
32
Calculate the remainder when 114 is divided by 15.
9
What is the remainder when 134 is divided by 34?
32
What is the remainder when 168 is divided by 36?
24
What is the remainder when 603 is divided by 121?
119
What is the remainder when 358 is divided by 24?
22
What is the remainder when 764 is divided by 155?
144
What is the remainder when 81 is divided by 35?
11
What is the remainder when 159 is divided by 108?
51
Calculate the remainder when 53 is divided by 29.
24
Calculate the remainder when 79 is divided by 21.
16
What is the remainder when 414 is divided by 69?
0
Calculate the remainder when 79 is divided by 13.
1
Calculate the remainder when 1821 is divided by 48.
45
Calculate the remainder when 47 is divided by 10.
7
Calculate the remainder when 587 is divided by 66.
59
Calculate the remainder when 113 is divided by 35.
8
What is the remainder when 110 is divided by 99?
11
Calculate the remainder when 189 is divided by 64.
61
Calculate the remainder when 1134 is divided by 18.
0
Calculate the remainder when 197 is divided by 99.
98
What is the remainder when 99 is divided by 86?
13
Calculate the remainder when 700 is divided by 19.
16
Calculate the remainder when 113 is divided by 59.
54
Calculate the remainder when 763 is divided by 380.
3
What is the remainder when 41 is divided by 17?
7
What is the remainder when 29 is divided by 10?
9
Calculate the remainder when 12273 is divided by 12.
9
Calculate the remainder when 282 is divided by 58.
50
Calculate the remainder when 27 is divided by 14.
13
What is the remainder when 101 is divided by 18?
11
Calculate the remainder when 6344 is divided by 135.
134
What is the remainder when 167 is divided by 19?
15
What is the remainder when 150 is divided by 142?
8
Calculate the remainder when 1684 is divided by 207.
28
Calculate the remainder when 9099 is divided by 37.
34
What is the remainder when 1715 is divided by 23?
13
What is the remainder when 44 is divided by 9?
8
Calculate the remainder when 399 is divided by 38.
19
What is the remainder when 76 is divided by 71?
5
Calculate the remainder when 1255 is divided by 55.
45
What is the remainder when 21590 is divided by 13?
10
What is the remainder when 43417 is divided by 260?
257
Calculate the remainder when 7445 is divided by 102.
101
Calculate the remainder when 4359 is divided by 109.
108
What is the remainder when 243 is divided by 7?
5
What is the remainder when 532 is divided by 29?
10
What is the remainder when 7396 is divided by 40?
36
What is the remainder when 90 is divided by 56?
34
Calculate the remainder when 439 is divided by 90.
79
What is the remainder when 861 is divided by 72?
69
What is the remainder when 562 is divided by 112?
2
What is the remainder when 162 is divided by 38?
10
Calculate the remainder when 3309 is divided by 1638.
33
Calculate the remainder when 101 is divided by 13.
10
Calculate the remainder when 4499 is divided by 25.
24
What is the remainder when 99 is divided by 22?
11
What is the remainder when 639 is divided by 65?
54
Calculate the remainder when 16 is divided by 6.
4
What is the remainder when 2593 is divided by 118?
115
Calculate the remainder when 656 is divided by 44.
40
Calculate the remainder when 69376 is divided by 62.
60
Calculate the remainder when 607 is divided by 207.
193
What is the remainder when 178 is divided by 15?
13
What is the remainder when 259 is divided by 44?
39
What is the remainder when 99 is divided by 21?
15
Calculate the remainder when 1229 is divided by 573.
83
What is the remainder when 177 is divided by 45?
42
Calculate the remainder when 444 is divided by 114.
102
What is the remainder when 91 is divided by 47?
44
Calculate the remainder when 123 is divided by 68.
55
Calculate the remainder when 269 is divided by 231.
38
Calculate the remainder when 1025 is divided by 79.
77
Calculate the remainder when 244 is divided by 121.
2
What is the remainder when 131 is divided by 23?
16
Calculate the remainder when 22621 is divided by 14.
11
What is the remainder when 4737 is divided by 46?
45
What is the remainder when 477 is divided by 32?
29
What is the remainder when 108 is divided by 9?
0
What is the remainder when 106 is divided by 9?
7
Calculate the remainder when 538 is divided by 27.
25
Calculate the remainder when 508 is divided by 256.
252
Calculate the remainder when 2919 is divided by 159.
57
Calculate the remainder when 449 is divided by 22.
9
What is the remainder when 683 is divided by 88?
67
Calculate the remainder when 1097 is divided by 328.
113
Calculate the remainder when 109 is divided by 30.
19
Calculate the remainder when 1467 is divided by 60.
27
What is the remainder when 1453 is divided by 1453?
0
What is the remainder when 6249 is divided by 19?
17
Calculate the remainder when 109 is divided by 36.
1
Calculate the remainder when 42 is divided by 16.
10
What is the remainder when 458 is divided by 156?
146
Calculate the remainder when 1814 is divided by 79.
76
Calculate the remainder when 965 is divided by 18.
11
What is the remainder when 332 is divided by 166?
0
What is the remainder when 100 is divided by 16?
4
What is the remainder when 274 is divided by 20?
14
What is the remainder when 917 is divided by 92?
89
What is the remainder when 1873 is divided by 15?
13
What is the remainder when 238 is divided by 61?
55
What is the remainder when 166 is divided by 16?
6
Calculate the remainder when 83 is divided by 30.
23
Calculate the remainder when 333 is divided by 67.
65
Calculate the remainder when 347 is divided by 105.
32
What is the remainder when 429 is divided by 9?
6
Calculate the remainder when 778 is divided by 30.
28
Calculate the remainder when 11382 is divided by 45.
42
Calculate the remainder when 39 is divided by 39.
0
What is the remainder when 53 is divided by 6?
5
What is the remainder when 44 is divided by 7?
2
What is the remainder when 164 is divided by 42?
38
What is the remainder when 1371 is divided by 341?
7
What is the remainder when 723 is divided by 156?
99
Calculate the remainder when 72 is divided by 26.
20
Calculate the remainder when 213 is divided by 185.
28
Calculate the remainder when 399 is divided by 134.
131
What is the remainder when 354 is divided by 75?
54
Calculate the remainder when 3627 is divided by 33.
30
What is the remainder when 729 is divided by 73?
72
Calculate the remainder when 184 is divided by 16.
8
Calculate the remainder when 1296 is divided by 42.
36
What is the remainder when 47 is divided by 33?
14
Calculate the remainder when 168 is divided by 45.
33
What is the remainder when 92 is divided by 77?
15
What is the remainder when 165 is divided by 13?
9
What is the remainder when 1968 is divided by 68?
64
What is the remainder when 15 is divided by 13?
2
What is the remainder when 74 is divided by 10?
4
What is the remainder when 94 is divided by 46?
2
What is the remainder when 1807 is divided by 102?
73
Calculate the remainder when 148 is divided by 41.
25
Calculate the remainder when 1780 is divided by 18.
16
What is the remainder when 5194 is divided by 130?
124
What is the remainder when 3321 is divided by 415?
1
What is the remainder when 403 is divided by 15?
13
Calculate the remainder when 364 is divided by 120.
4
W